5 - j. What are the prime factors of f?
23
Suppose 0 = j + 4*r + 6, 0 = 3*j - 0*r + 4*r + 10. What are the prime factors of (j/(-4))/((-3)/(-48))?
2
Suppose 0 = -3*l - z + 5*z + 71, 3*l + 4*z - 103 = 0. List the prime factors of l.
29
What are the prime factors of 1761/12 - (-3)/(-12)*3?
2, 73
Let j(o) be the second derivative of 1/12*o**4 + 0*o**2 + 0 - 2*o - 2/3*o**3. What are the prime factors of j(6)?
2, 3
List the prime factors of 8*(-5)/(-80) - 161/(-2).
3
Suppose -3*z + 0*z + 63 = 0. List the prime factors of z.
3, 7
Let k(x) = x + 10. Let v be k(-5). Let y(p) = -6*p + 4*p + v - 2. What are the prime factors of y(-3)?
3
Let h(t) be the third derivative of t**5/60 + t**4/6 - t**3/3 - 3*t**2. List the prime factors of h(-8).
2, 3, 5
Suppose g + 1 = 19. List the prime factors of g.
2, 3
Let c be ((-1)/2)/(6/(-432)). Let q = c - 12. List the prime factors of q.
2, 3
Let f be 18/(-4)*10/(-3). Suppose 4*g = -g + f. Suppose -14 = -i + 4*x - 2, -g*x = 4*i - 10. List the prime factors of i.
2
Suppose -366 = 20*k - 26*k. What are the prime factors of k?
61
List the prime factors of 4508/36 - 12/54.
5
Let p = -20 + 36. Suppose -3*u + u + p = 0. What are the prime factors of u?
2
Suppose -3*f + 3*q = -2*q - 37, f - 3*q = 19. Suppose u - 57 = -f*d, d - 2*d - 7 = -4*u. What are the prime factors of d?
13
Let v = -61 - -109. List the prime factors of v.
2, 3
Let g = 13 - 20. Let r = -8 - -4. Let f = r - g. What are the prime factors of f?
3
List the prime factors of ((-4)/(-8))/((-2)/(-132)).
3, 11
Let s(i) be the second derivative of -i**4/12 - 3*i**3/2 - 2*i. What are the prime factors of s(-7)?
2, 7
Suppose -89 - 55 = -3*u. What are the prime factors of u?
2, 3
Suppose 5 = 2*s + 1. Suppose -3*i + h = s*i - 171, -3*h - 37 = -i. List the prime factors of i.
2, 17
Let l(i) = -23*i**2 - i. Let w be l(1). Let r = w - -53. List the prime factors of r.
29
Let x(f) = -f**3 - 7*f**2 - f - 4. Let i be x(-7). Suppose 4*l + 1 = i*l. List the prime factors of l/2 - 26/(-4).
2, 3
Suppose -15 = 4*m - 83. What are the prime factors of m?
17
Let q(d) = -3*d**3 + 3*d**2 + 2*d + 2. List the prime factors of q(-2).
2, 17
Let a be 3/(-2)*40/(-12). Suppose 5*z + 3*t = -115, 22 = -a*t - 3. What are the prime factors of ((-96)/(-20))/((-6)/z)?
2
Suppose 2*i = 4*n, -4*i + 0 = -8. Let u(l) = l + 1. Let g be u(n). Suppose -4*a + 0*y = -3*y - 79, -10 = g*y. What are the prime factors of a?
2
Suppose -5*h - 5*u = -6*u - 1077, 1073 = 5*h + u. What are the prime factors of h?
5, 43
Suppose 0 = -t - 0*t. Suppose -110 = -t*v - 5*v. Suppose 2*j = 4*j - v. List the prime factors of j.
11
Let d = 687 - 408. List the prime factors of 2/(-4) + d/18.
3, 5
Let r(l) = -l**3 + 7*l**2 + 19*l - 13. What are the prime factors of r(8)?
3, 5
Let y(i) = -i**3 - 4*i**2 + 6*i - 7. List the prime factors of y(-6).
29
Suppose 3*k = 2*o + 714, 4*k - 989 = -3*o - 37. List the prime factors of k.
2, 7, 17
Suppose 104 = 3*i + 5*f, 3*i - f - 98 = -0*f. What are the prime factors of i?
3, 11
Let r = -5 + 0. Let i = r - -4. Let s = 4 + i. List the prime factors of s.
3
Let m = -9 - -9. Suppose 2*v - 2*w - 36 = 0, 3*w + 12 = -m*v + v. List the prime factors of v.
3, 7
Let z = -2 - -8. Suppose 2 = u - 2*x, 5*u - z = -5*x + 4. Let o = u + 6. List the prime factors of o.
2
Let l be 30 - (0 + 6/(-2)). Suppose -5*v + l + 63 = 4*i, 4*v - i = 81. List the prime factors of v.
2, 5
Let o(m) = 2*m**2 + 5*m - 2. Let i be o(-4). Suppose 0 = -4*j + i - 2. Suppose j*y - 4 = 4. What are the prime factors of y?
2
Suppose -4*z = 24 - 68. List the prime factors of z.
11
List the prime factors of (36 - -1) + 140/(-28).
2
Let b(s) = -s**3 - 17*s**2 - 4*s + 15. What are the prime factors of b(-17)?
83
Let q(v) = 7*v**2 + 12*v - 15. List the prime factors of q(-8).
337
Let w(h) = h**2 + h + 8. Suppose -12 = -3*j - 4*d, 0*j + j + 12 = 4*d. Let b be (3 + -3)*(j - -1). What are the prime factors of w(b)?
2
Suppose 5*r - 1080 = -0*r. What are the prime factors of r?
2, 3
Let m be (-32)/(-12) + (-1)/(-3). Let h = 9 - m. What are the prime factors of h?
2, 3
Suppose l = 13 - 5. Suppose g = -2*u + 105, u - 5*g - 44 = -l. List the prime factors of u.
3, 17
Suppose -10*w + 2*w + 80 = 0. List the prime factors of w.
2, 5
What are the prime factors of (-895)/(-13) + -2*(-1)/13?
3, 23
Suppose 2*n = 4*t + 5*n - 438, -318 = -3*t + 3*n. What are the prime factors of t?
2, 3
Suppose 3*t - 5*y = -0*t - 4, 3*t - y - 4 = 0. Let h(i) = 0*i**3 + i**3 - i**2 - 2*i**3 + t. List the prime factors of h(-2).
2, 3
Suppose 3*x + 111 = 3*l - 0*l, 2*x = l - 77. Let c be x/(-7) - (-6)/21. Suppose t + 2*t = c. List the prime factors of t.
2
Suppose 71 = 2*m - t, -136 = -4*m + t - 5*t. Let q = m - 1. What are the prime factors of q?
2, 17
Suppose -5*q - 4*k - 80 = 0, -3*q + 0*k - 48 = 5*k. Let t be (q/(-2) + -1)*-3. List the prime factors of (t/6)/(1/(-2)).
7
What are the prime factors of (-21 + 7)/((-1)/4)?
2, 7
Let x(b) be the second derivative of b**6/360 - 7*b**5/120 + b**4/12 + b**3/6 - 3*b. Let j(f) be the second derivative of x(f). List the prime factors of j(7).
2
Let u(o) = -7*o + 50. List the prime factors of u(0).
2, 5
Suppose -2*z + 5*g - 1 = 0, 8 = -2*z + 4*z + 4*g. Suppose -2*w + 2 = -2. List the prime factors of (2 - w)/z - -5.
5
List the prime factors of -6 - (-848 + 2)/6.
3, 5
Let t(y) = 2*y**2 - y + 1. Let v be t(5). Suppose 6*p = 3*p + 12, 2*a - v = -p. List the prime factors of a.
3, 7
Suppose -2*c + 6*c = 0. Suppose c*v = v. Suppose 66 = 3*y - v. What are the prime factors of y?
2, 11
Let p = 0 - 10. Let z = p - 1. Let g = -1 - z. What are the prime factors of g?
2, 5
Let l(z) = 6*z**2 + 16*z + 21*z - 2*z**2 - 9. Let j(u) = -u**2 - 9*u + 2. Let x(w) = 9*j(w) + 2*l(w). List the prime factors of x(-5).
2, 5
Let j be 0 + 3*4/6. Suppose 8 = -3*o + j, 2*y - 4*o = 16. Suppose -4*t + 2 + 29 = -3*s, y*s + 28 = 2*t. List the prime factors of t.
2
Let n be 1/4*(4 - 0). Let w be (n - 4)*(-12)/9. List the prime factors of (-22 + w)*1/(-2).
3
Let d be (-1002)/4 - (-5)/10. Let m be (5 - d)*(-1)/(-3). Suppose -s + 6*s = 5*u - m, -3*s = -5*u + 77. What are the prime factors of u?
13
What are the prime factors of (-1014)/(-15) - (-6)/15?
2, 17
List the prime factors of (0 + 124/5)*20/8.
2, 31
Let j be (3 + -2)*(-72)/(-2). Suppose 5*r - 21 = -3*d + j, -2*d - 4*r = -40. List the prime factors of d.
2, 7
Suppose -w = 3*l + 3 + 22, -w + 4*l = 53. Let n = w - -55. What are the prime factors of n?
2, 3
Suppose 5*n - 42 = 4*b, 5*b - 6 = -3*n + b. What are the prime factors of n?
2, 3
Suppose 6 - 13 = -p. Suppose 0 = 3*x - p*x - 52. Let j = x - -18. List the prime factors of j.
5
Suppose 0 = -2*h + 30*h - 588. List the prime factors of h.
3, 7
Let h be 1*(-3 - -3)/4. Suppose h*s = 5*s - 85. List the prime factors of s.
17
Suppose 2*a = 5*k - 118, a = 5*k - 102 - 17. Suppose 5*c - k = 31. What are the prime factors of c?
11
Let r(j) = 1 + 8*j**2 + 0*j + 7*j**2 - 3 - 2*j. What are the prime factors of r(2)?
2, 3
List the prime factors of 5 + 0 + 0/3.
5
Suppose -c = 3 - 2. Let i be (0/6)/(c + 2). Let b = i + 11. What are the prime factors of b?
11
Suppose 3*w - 4*p - 66 = 0, -2*w + 4*w - 44 = -2*p. Suppose w = 5*j - 2*x, 0 = j + 3*x + x. List the prime factors of j.
2
Suppose 0 = -4*f - 33 + 13. Let g = 13 + f. List the prime factors of g.
2
Let o(p) = p + 1. Let b be o(6). Suppose -4*g - b = 9. Let x = g + 6. List the prime factors of x.
2
Let t(o) = o**3 - 4*o**2 + 3*o + 8. What are the prime factors of t(4)?
2, 5
Suppose 3*m + 5 = 65. Let g be ((-5)/(-10))/(2/m). Let h = g + -2. List the prime factors of h.
3
Let s be 3/6 - 5/2. Let b(l) = -l**3 - l**2 - 2*l - 3. What are the prime factors of b(s)?
5
Suppose -1 = -5*o - a - 3, 4*a + 8 = -5*o. Suppose o*m + 5*m - 85 = 0. List the prime factors of m.
17
Suppose 0 = 2*q + 4*x - 194, -2*q - 2*q + 348 = -2*x. List the prime factors of q.
89
Let b(c) = 3*c**2 - 4*c + 1. Let t be (-1)/(20/(-6) - -3). List the prime factors of b(t).
2
Let i = -1 - -2. What are the prime factors of i*(6 - (-2 + 3))?
5
Let u be (4/(-2))/((-2)/15). Suppose 5*x + j = -2*j + 18, u = 4*x + 3*j. Suppose x*c + 22 = 5*c. What are the prime factors of c?
11
Let l be 1/((-52)/54 + 1). Suppose 0 = -f + p - 0*p + 8, -4*p - l = -3*f. Suppose -h - 8